{"id":16,"date":"2025-05-27T18:18:42","date_gmt":"2025-05-27T09:18:42","guid":{"rendered":"https:\/\/poipiku.com\/comic\/?page_id=16"},"modified":"2025-06-26T17:06:57","modified_gmt":"2025-06-26T08:06:57","slug":"%e3%83%88%e3%83%83%e3%83%97%e3%83%9a%e3%83%bc%e3%82%b8","status":"publish","type":"page","link":"https:\/\/poipiku.com\/comic\/","title":{"rendered":"\u30c8\u30c3\u30d7\u30da\u30fc\u30b8"},"content":{"rendered":"\n<div class=\"header-section\">\n<img decoding=\"async\" src=\"http:\/\/poipiku.com\/comic\/wp-content\/uploads\/2025\/05\/poicomi-icon.png\">\n<p class=\"header-title\">\u8aad\u307f\u305f\u3044\u30de\u30f3\u30ac\u306e\u60c5\u5831\u304c\u76db\u308a\u3060\u304f\u3055\u3093<\/p>\n<div class=\"header-search\">\n<form role=\"search\" method=\"get\" action=\"https:\/\/poipiku.com\/comic\/\" class=\"wp-block-search__button-inside wp-block-search__icon-button wp-block-search\"    ><label class=\"wp-block-search__label screen-reader-text\" for=\"wp-block-search__input-1\" >\u691c\u7d22<\/label><div class=\"wp-block-search__inside-wrapper \"  style=\"width: 100%\"><input class=\"wp-block-search__input\" id=\"wp-block-search__input-1\" placeholder=\"\" value=\"\" type=\"search\" name=\"s\" required \/><button aria-label=\"\u691c\u7d22\" class=\"wp-block-search__button has-background has-white-background-color has-icon wp-element-button\" type=\"submit\" ><svg class=\"search-icon\" viewBox=\"0 0 24 24\" width=\"24\" height=\"24\">\n\t\t\t\t\t<path d=\"M13 5c-3.3 0-6 2.7-6 6 0 1.4.5 2.7 1.3 3.7l-3.8 3.8 1.1 1.1 3.8-3.8c1 .8 2.3 1.3 3.7 1.3 3.3 0 6-2.7 6-6S16.3 5 13 5zm0 10.5c-2.5 0-4.5-2-4.5-4.5s2-4.5 4.5-4.5 4.5 2 4.5 4.5-2 4.5-4.5 4.5z\"><\/path>\n\t\t\t\t<\/svg><\/button><\/div><\/form>\n<\/div>\n<div class=\"header-word\">\n<p class=\"word-sample1\">\u4eba\u6c17\u306e\u30ad\u30fc\u30ef\u30fc\u30c9<\/p>\n<p class=\"word-sample2\"><a href=\"https:\/\/poipiku.com\/comic\/?s=%E5%B9%BC%E3%81%AA%E3%81%98%E3%81%BF\">\u5e7c\u306a\u3058\u307f<\/a>\u3000<a href=\"https:\/\/poipiku.com\/comic\/?s=%E5%85%88%E7%94%9F\">\u5148\u751f<\/a>\u3000<a href=\"https:\/\/poipiku.com\/comic\/?s=%E6%94%BE%E8%AA%B2%E5%BE%8C\">\u653e\u8ab2\u5f8c<\/a><\/p>\n<\/div>\n<\/div>\n\n\n\n<div class=\"category-section\">\n<img decoding=\"async\" src=\"http:\/\/poipiku.com\/comic\/wp-content\/uploads\/2025\/05\/search-icon.png\" width=\"30px\" height=\"30px\">\n<div class=\"category-title\">\n\u30ab\u30c6\u30b4\u30ea\u30fc\u3067\u63a2\u3059\n<\/div>\n<\/div>\n\n\n\n<div class=\"swell-block-box-menu is-style-default\" data-has-gap=\"0\" data-direction=\"horizontal\"><div class=\"swell-block-box-menu__inner\">\n<div class=\"swell-block-box-menu__item has-link\" data-has-gradient=\"0\" data-icon-type=\"svg\"><a href=\"https:\/\/poipiku.com\/comic\/category\/tl%e6%bc%ab%e7%94%bb\/\" class=\"swell-block-box-menu__link\"><div class=\"swell-block-box-menu__figure\"><svg height=\"1em\" width=\"1em\" xmlns=\"http:\/\/www.w3.org\/2000\/svg\" aria-hidden=\"true\" viewBox=\"0 0 256 256\"><rect width=\"256\" height=\"256\" fill=\"none\"><\/rect><path d=\"M216,72H130.7L102.9,51.2A15.6,15.6,0,0,0,93.3,48H40A16,16,0,0,0,24,64V200a16,16,0,0,0,16,16H216.9A15.2,15.2,0,0,0,232,200.9V88A16,16,0,0,0,216,72Z\"><\/path><\/svg><\/div><span class=\"swell-block-box-menu__text\"><strong><span class=\"swl-inline-color has-swl-main-color\">TL\u6f2b\u753b<\/span><\/strong><\/span><\/a><\/div>\n\n\n\n<div class=\"swell-block-box-menu__item has-link\" data-has-gradient=\"0\" data-icon-type=\"svg\"><a href=\"https:\/\/poipiku.com\/comic\/category\/%e9%9d%92%e5%b9%b4%e6%bc%ab%e7%94%bb\/\" class=\"swell-block-box-menu__link\"><div class=\"swell-block-box-menu__figure\"><svg height=\"1em\" width=\"1em\" xmlns=\"http:\/\/www.w3.org\/2000\/svg\" aria-hidden=\"true\" viewBox=\"0 0 256 256\"><rect width=\"256\" height=\"256\" fill=\"none\"><\/rect><path d=\"M216,72H130.7L102.9,51.2A15.6,15.6,0,0,0,93.3,48H40A16,16,0,0,0,24,64V200a16,16,0,0,0,16,16H216.9A15.2,15.2,0,0,0,232,200.9V88A16,16,0,0,0,216,72Z\"><\/path><\/svg><\/div><span class=\"swell-block-box-menu__text\"><strong><span class=\"swl-inline-color has-swl-main-color\">\u9752\u5e74\u6f2b\u753b<\/span><\/strong><\/span><\/a><\/div>\n\n\n\n<div class=\"swell-block-box-menu__item has-link\" data-has-gradient=\"0\" data-icon-type=\"svg\"><a href=\"https:\/\/poipiku.com\/comic\/category\/%e3%82%aa%e3%83%88%e3%83%8a%e6%bc%ab%e7%94%bb\/\" class=\"swell-block-box-menu__link\"><div class=\"swell-block-box-menu__figure\"><svg height=\"1em\" width=\"1em\" xmlns=\"http:\/\/www.w3.org\/2000\/svg\" aria-hidden=\"true\" viewBox=\"0 0 256 256\"><rect width=\"256\" height=\"256\" fill=\"none\"><\/rect><path d=\"M216,72H130.7L102.9,51.2A15.6,15.6,0,0,0,93.3,48H40A16,16,0,0,0,24,64V200a16,16,0,0,0,16,16H216.9A15.2,15.2,0,0,0,232,200.9V88A16,16,0,0,0,216,72Z\"><\/path><\/svg><\/div><span class=\"swell-block-box-menu__text\"><strong><span class=\"swl-inline-color has-swl-main-color\">\u30aa\u30c8\u30ca\u6f2b\u753b<\/span><\/strong><\/span><\/a><\/div>\n\n\n\n<div class=\"swell-block-box-menu__item has-link\" data-has-gradient=\"0\" data-icon-type=\"svg\"><a href=\"https:\/\/poipiku.com\/comic\/category\/bl%e6%bc%ab%e7%94%bb\/\" class=\"swell-block-box-menu__link\"><div class=\"swell-block-box-menu__figure\"><svg height=\"1em\" width=\"1em\" xmlns=\"http:\/\/www.w3.org\/2000\/svg\" aria-hidden=\"true\" viewBox=\"0 0 256 256\"><rect width=\"256\" height=\"256\" fill=\"none\"><\/rect><path d=\"M216,72H130.7L102.9,51.2A15.6,15.6,0,0,0,93.3,48H40A16,16,0,0,0,24,64V200a16,16,0,0,0,16,16H216.9A15.2,15.2,0,0,0,232,200.9V88A16,16,0,0,0,216,72Z\"><\/path><\/svg><\/div><span class=\"swell-block-box-menu__text\"><strong><span class=\"swl-inline-color has-swl-main-color\">BL\u6f2b\u753b<\/span><\/strong><\/span><\/a><\/div>\n<\/div><\/div>\n\n\n\n<div class=\"ranking-title\">\n<img decoding=\"async\" src=\"http:\/\/poipiku.com\/comic\/wp-content\/uploads\/2025\/05\/manga-icon.png\" width=\"30px\" height=\"30px\">\n<p>\u4eba\u6c17\u6f2b\u753b\u30e9\u30f3\u30ad\u30f3\u30b0<\/p>\n<\/div>\n<div class=\"ranking-section\">\n<img decoding=\"async\" src=\"http:\/\/poipiku.com\/comic\/wp-content\/uploads\/2025\/05\/no1-icon1-e1748249391751.png\" width=\"60px\" height=\"60px\">\n <p class=\"ranking1\">\u65b0\u520a\u304c\u00d7\u00d7\u00d7\u306a\u306e\u306f\u58f2\u308a\u5b50\u306e\u305b\u3044\u3067\u3059<\/p>\n <a href=\"https:\/\/ad.adpon-affi.net\/ad\/p\/r?medium=404&#038;ad=2366&#038;creative=3105\"><img decoding=\"async\" class=\"ranking-hyoushi\" src=\"http:\/\/poipiku.com\/comic\/wp-content\/uploads\/2025\/05\/shinkanga.webp\"><\/a>\n<div class=\"arasuji-box\">\n    <span class=\"box-title\">\u3042\u3089\u3059\u3058<\/span>\n    <p>cono\u3068\u3044\u3046\u30da\u30f3\u30cd\u30fc\u30e0\u3067\u5973\u6027\u6210\u4eba\u5411\u3051\u540c\u4eba\u8a8c\u3092\u57f7\u7b46\u3057\u3066\u3044\u308b\u4e3b\u4eba\u516c\u3002\u305d\u3057\u3066\u3001cono\u306e\u8aad\u8005\u3067\u3042\u308b\u9752\u5e74\u201d\u3072\u3073\u304d\u201d\u3002\u3042\u308b\u65e5\u3001\u5f7c\u306b\u6025\u907d\u58f2\u308a\u5b50\u3092\u983c\u3080\u3053\u3068\u306b\u306a\u308a\u3001\u305d\u306e\u5f8c\u306e\u6253\u3061\u4e0a\u3052\u3067\u30a8\u30c3\u30c1\u306a\u7a7a\u6c17\u306b\u306a\u3063\u3066\u3057\u307e\u3063\u3066\u2026\uff01\uff1f<\/p>\n<\/div>\n<div class=\"ranking-kansou\">\n<div class=\"swell-block-balloon\"><div class=\"c-balloon -bln-left\" data-col=\"yellow\"><div class=\"c-balloon__icon -circle\"><img decoding=\"async\" loading=\"lazy\" src=\"http:\/\/poipiku.com\/comic\/wp-content\/uploads\/2025\/05\/onna-icon-2.png\" alt=\"\" class=\"c-balloon__iconImg\" width=\"80px\" height=\"80px\"><\/div><div class=\"c-balloon__body -speaking -border-none\"><div class=\"c-balloon__text\">\n<p>cono\u5148\u751f\u304b\u308f\u3044\u3059\u304e\u308b\u3057\u3001\u3072\u3073\u304d\u306f\u304b\u3063\u3053\u3088\u3059\u304e\u308b\u2026\uff01\u80f8\u30ad\u30e5\u30f3\u3067\u30a8\u30c3\u30c1\u3067\u6700\u9ad8\u3067\u3057\u305f\u2661<\/p>\n<span class=\"c-balloon__shapes\"><span class=\"c-balloon__before\"><\/span><span class=\"c-balloon__after\"><\/span><\/span><\/div><\/div><\/div><\/div>\n<\/div>\n <a href=\"https:\/\/ad.adpon-affi.net\/ad\/p\/r?medium=404&#038;ad=2366&#038;creative=3105\" class=\"ranking-btn\">\u7121\u6599\u3067\u8a66\u3057\u8aad\u307f<\/a>\n<\/div>\n\n\n\n<div class=\"ranking-section\">\n <img decoding=\"async\" src=\"http:\/\/poipiku.com\/comic\/wp-content\/uploads\/2025\/05\/no2-icon-e1748249559541.png\" width=\"60px\" height=\"60px\">\n <p class=\"ranking1\">\u30ab\u30ce\u30b8\u30e7\u306f\u8981\u3089\u306a\u3044\u670d\u90e8\u5148\u751f\uff01 \uff5e\u604b\u306f\u9762\u5012\u306a\u3093\u3066\u8a00\u3063\u3066\u30db\u30f3\u30c8\u306f\u611b\u304c\u91cd\u3059\u304e\u308b\uff5e<\/p>\n <a href=\"https:\/\/ad.adpon-affi.net\/ad\/p\/r?medium=404&#038;ad=1220&#038;creative=1418\"><img decoding=\"async\" class=\"ranking-hyoushi\" src=\"http:\/\/poipiku.com\/comic\/wp-content\/uploads\/2025\/05\/kanojohairanai.webp\"><\/a>\n<div class=\"arasuji-box\">\n    <span class=\"box-title\">\u3042\u3089\u3059\u3058<\/span>\n    <p>\u5316\u5b66\u6559\u5e2b\u30fb\u670d\u90e8\u5148\u751f\u306b\u604b\u3092\u3057\u3066\u3044\u308b\u5973\u5b50\u9ad8\u751f\u30fb\u7d50\u8863\u3002\u6700\u521d\u306f\u30a2\u30d7\u30ed\u30fc\u30c1\u3092\u6d41\u3055\u308c\u3066\u3044\u305f\u7d50\u8863\u3067\u3059\u304c\u3001\u3064\u3044\u306b\u5148\u751f\u306e\u30aa\u30b9\u306e\u90e8\u5206\u306b\u706b\u3092\u3064\u3051\u3066\u3057\u307e\u3063\u3066\u2026\uff1f<\/p>\n<\/div>\n<div class=\"ranking-kansou\">\n<div class=\"swell-block-balloon\"><div class=\"c-balloon -bln-left\" data-col=\"yellow\"><div class=\"c-balloon__icon -circle\"><img decoding=\"async\" loading=\"lazy\" src=\"http:\/\/poipiku.com\/comic\/wp-content\/uploads\/2025\/05\/onna-icon-2.png\" alt=\"\" class=\"c-balloon__iconImg\" width=\"80px\" height=\"80px\"><\/div><div class=\"c-balloon__body -speaking -border-none\"><div class=\"c-balloon__text\">\n<p>\u670d\u90e8\u5148\u751f\u306e\u5927\u4eba\u306e\u4f59\u88d5\u3068\u3001\u305d\u308c\u304c\u5d29\u58ca\u3057\u305f\u3068\u304d\u306e\u8272\u6c17\u304c\u305f\u307e\u308a\u307e\u305b\u3093\uff01\u30a8\u30c3\u30c1\u30b7\u30fc\u30f3\u3082\u826f\u304b\u3063\u305f\u3067\u3059\uff01<\/p>\n<span class=\"c-balloon__shapes\"><span class=\"c-balloon__before\"><\/span><span class=\"c-balloon__after\"><\/span><\/span><\/div><\/div><\/div><\/div>\n<\/div>\n <a href=\"https:\/\/ad.adpon-affi.net\/ad\/p\/r?medium=404&#038;ad=1220&#038;creative=1418\" class=\"ranking-btn\">\u7121\u6599\u3067\u8a66\u3057\u8aad\u307f<\/a>\n<\/div>\n\n\n\n<div class=\"ranking-section\">\n <img decoding=\"async\" src=\"http:\/\/poipiku.com\/comic\/wp-content\/uploads\/2025\/05\/no3-icon-e1748249583562.png\" width=\"60px\" height=\"60px\">\n <p class=\"ranking1\">\u30bb\u30d5\u30ec\u306e\u5e02\u539f\u304c\u9003\u304c\u3057\u3066\u304f\u308c\u306a\u3044<\/p>\n <a href=\"https:\/\/ad.adpon-affi.net\/ad\/p\/r?medium=404&#038;ad=2374&#038;creative=3113\"><img decoding=\"async\" class=\"ranking-hyoushi\" src=\"http:\/\/poipiku.com\/comic\/wp-content\/uploads\/2025\/05\/sefurenoichihara.webp\"><\/a>\n <div class=\"arasuji-box\">\n    <span class=\"box-title\">\u3042\u3089\u3059\u3058<\/span>\n    <p>\u9577\u5e74\u306e\u30bb\u30d5\u30ec\u3067\u3042\u308b\u5e02\u539f\u306b\u597d\u610f\u3092\u62b1\u3044\u3066\u3044\u308b\u4e3b\u4eba\u516c\u30fb\u68b6\u5ddd\u3002\u305d\u3093\u306a\u53f6\u308f\u306a\u3044\u60f3\u3044\u306b\u8010\u3048\u304b\u306d\u3001\u3064\u3044\u306b\u30bb\u30d5\u30ec\u95a2\u4fc2\u3092\u89e3\u6d88\u3057\u3088\u3046\u3068\u5207\u308a\u51fa\u3059\u3068\u3001\u5e02\u539f\u304c\u3042\u308b\u884c\u52d5\u306b\u51fa\u3066\u2026\uff1f<\/p>\n<\/div>\n<div class=\"ranking-kansou\">\n<div class=\"swell-block-balloon\"><div class=\"c-balloon -bln-left\" data-col=\"yellow\"><div class=\"c-balloon__icon -circle\"><img decoding=\"async\" loading=\"lazy\" src=\"http:\/\/poipiku.com\/comic\/wp-content\/uploads\/2025\/05\/onna-icon-2.png\" alt=\"\" class=\"c-balloon__iconImg\" width=\"80px\" height=\"80px\"><\/div><div class=\"c-balloon__body -speaking -border-none\"><div class=\"c-balloon__text\">\n<p>\u4e21\u60f3\u3044\u306a\u306e\u306b\u4f1d\u308f\u3089\u306a\u3044\u3082\u3069\u304b\u3057\u3055\u3068\u5207\u306a\u3055\u3068\u80f8\u30ad\u30e5\u30f3\u3068\u3067\u60c5\u7dd2\u304c\u304a\u304b\u3057\u304f\u306a\u308a\u305d\u3046\u3067\u3059\u2026\uff01\u3061\u3087\u3063\u3068\u5f37\u5f15\u306a\u611f\u3058\u3082\u523a\u3055\u308b\u2026\u2661<\/p>\n<span class=\"c-balloon__shapes\"><span class=\"c-balloon__before\"><\/span><span class=\"c-balloon__after\"><\/span><\/span><\/div><\/div><\/div><\/div>\n<\/div>\n <a href=\"https:\/\/ad.adpon-affi.net\/ad\/p\/r?medium=404&#038;ad=2374&#038;creative=3113\" class=\"ranking-btn\">\u7121\u6599\u3067\u8a66\u3057\u8aad\u307f<\/a>\n<\/div>\n\n\n\n<script type=\"application\/ld+json\">\n{\n  \"@context\": \"https:\/\/schema.org\",\n  \"@type\": \"WebSite\",\n  \"name\": \"\u30dd\u30a4\u30b3\u30df\",\n  \"url\": \"https:\/\/poipiku.com\/comic\/\",\n  \"publisher\": {\n    \"@type\": \"Organization\",\n    \"name\": \"\u682a\u5f0f\u4f1a\u793epipa.jp\",\n    \"url\": \"https:\/\/www.pipa.jp\/\",\n    \"sameAs\": \"https:\/\/x.com\/pipajp\",\n  \"address\": {\n    \"@type\": \"PostalAddress\",\n    \"streetAddress\": \"\u65b0\u5bbf\u533a\u56db\u8c371\u4e01\u76ee22\u756a\u5730\",\n    \"addressLocality\": \"\u6771\u4eac\u90fd\",\n    \"postalCode\": \"1600004\",\n    \"addressCountry\": \"JP\"\n  },\n    \"contactPoint\": {\n        \"contactType\": \"Customer Service\",\n        \"email\": \"info@pipa.jp\"\n  },\n  \"identifier\": {\n    \"@type\": \"PropertyValue\",\n    \"name\": \"\u6cd5\u4eba\u756a\u53f7\",\n    \"value\": \"1021001010621\"\n  },\n    \"founder\": {\n      \"@type\": \"Person\",\n      \"name\": \"\u5c71\u5185\u62d3\u592b\",\n      \"url\": \"https:\/\/www.linkedin.com\/in\/%E6%8B%93%E5%A4%AB-%E5%B1%B1%E5%86%85-243a8221a\/?originalSubdomain=jp\",\n      \"sameAs\": [\n        \"https:\/\/adrea.jp\/company\/\",\n        \"https:\/\/emotionflow.com\/\",\n        \"https:\/\/tegaki.com\/\",\n        \"https:\/\/galleria.emotionflow.com\/\"\n      ],\n      \"worksFor\": [\n        {\n          \"@type\": \"Organization\",\n          \"name\": \"\u682a\u5f0f\u4f1a\u793epipa.jp\",\n          \"url\": \"https:\/\/www.pipa.jp\/\"\n        },\n        {\n          \"@type\": \"Organization\",\n          \"name\": \"\u682a\u5f0f\u4f1a\u793e\u30a2\u30c9\u30ec\u30a2\",\n          \"url\": \"https:\/\/adrea.jp\/company\/\"\n        },\n        {\n          \"@type\": \"Organization\",\n          \"name\": \"emotionflow\u5408\u540c\u4f1a\u793e\",\n          \"url\": \"https:\/\/emotionflow.com\/\"\n        }\n      ]\n    }\n  }\n}\n<\/script>\n","protected":false},"excerpt":{"rendered":"<p>\u30ab\u30c6\u30b4\u30ea\u30fc\u3067\u63a2\u3059<\/p>\n","protected":false},"author":4,"featured_media":0,"parent":0,"menu_order":0,"comment_status":"closed","ping_status":"closed","template":"","meta":{"swell_btn_cv_data":"","footnotes":""},"class_list":["post-16","page","type-page","status-publish","hentry"],"_links":{"self":[{"href":"https:\/\/poipiku.com\/comic\/wp-json\/wp\/v2\/pages\/16","targetHints":{"allow":["GET"]}}],"collection":[{"href":"https:\/\/poipiku.com\/comic\/wp-json\/wp\/v2\/pages"}],"about":[{"href":"https:\/\/poipiku.com\/comic\/wp-json\/wp\/v2\/types\/page"}],"author":[{"embeddable":true,"href":"https:\/\/poipiku.com\/comic\/wp-json\/wp\/v2\/users\/4"}],"replies":[{"embeddable":true,"href":"https:\/\/poipiku.com\/comic\/wp-json\/wp\/v2\/comments?post=16"}],"version-history":[{"count":53,"href":"https:\/\/poipiku.com\/comic\/wp-json\/wp\/v2\/pages\/16\/revisions"}],"predecessor-version":[{"id":825,"href":"https:\/\/poipiku.com\/comic\/wp-json\/wp\/v2\/pages\/16\/revisions\/825"}],"wp:attachment":[{"href":"https:\/\/poipiku.com\/comic\/wp-json\/wp\/v2\/media?parent=16"}],"curies":[{"name":"wp","href":"https:\/\/api.w.org\/{rel}","templated":true}]}}